rime factors of 6427?
6427
What are the prime factors of 3919?
3919
List the prime factors of 9158.
2, 19, 241
What are the prime factors of 13764?
2, 3, 31, 37
What are the prime factors of 51396?
2, 3, 4283
List the prime factors of 405.
3, 5
What are the prime factors of 1473?
3, 491
List the prime factors of 30293.
30293
List the prime factors of 48245.
5, 9649
List the prime factors of 90446.
2, 41, 1103
What are the prime factors of 3450?
2, 3, 5, 23
List the prime factors of 1620.
2, 3, 5
List the prime factors of 1373.
1373
List the prime factors of 8386.
2, 7, 599
List the prime factors of 84.
2, 3, 7
What are the prime factors of 965?
5, 193
List the prime factors of 4098.
2, 3, 683
List the prime factors of 15453.
3, 17, 101
List the prime factors of 3076.
2, 769
What are the prime factors of 73052?
2, 7, 2609
What are the prime factors of 18744?
2, 3, 11, 71
What are the prime factors of 24352?
2, 761
What are the prime factors of 3743?
19, 197
List the prime factors of 6880.
2, 5, 43
List the prime factors of 8991.
3, 37
What are the prime factors of 1638?
2, 3, 7, 13
List the prime factors of 3472.
2, 7, 31
What are the prime factors of 1534?
2, 13, 59
What are the prime factors of 17252?
2, 19, 227
What are the prime factors of 1777?
1777
List the prime factors of 550.
2, 5, 11
List the prime factors of 9680.
2, 5, 11
List the prime factors of 30.
2, 3, 5
List the prime factors of 60058.
2, 30029
List the prime factors of 38.
2, 19
What are the prime factors of 23134?
2, 43, 269
List the prime factors of 20363.
7, 2909
What are the prime factors of 9568?
2, 13, 23
List the prime factors of 1356.
2, 3, 113
What are the prime factors of 4955?
5, 991
What are the prime factors of 11436?
2, 3, 953
What are the prime factors of 1571?
1571
List the prime factors of 46290.
2, 3, 5, 1543
List the prime factors of 1155.
3, 5, 7, 11
List the prime factors of 413.
7, 59
List the prime factors of 21.
3, 7
List the prime factors of 67084.
2, 31, 541
List the prime factors of 177.
3, 59
List the prime factors of 125802.
2, 3, 29, 241
List the prime factors of 36055.
5, 7211
List the prime factors of 20165.
5, 37, 109
List the prime factors of 2519.
11, 229
List the prime factors of 111182.
2, 23, 2417
List the prime factors of 42641.
42641
List the prime factors of 2649.
3, 883
List the prime factors of 2794.
2, 11, 127
List the prime factors of 117530.
2, 5, 7, 23, 73
What are the prime factors of 32816?
2, 7, 293
List the prime factors of 8231.
8231
List the prime factors of 3228.
2, 3, 269
List the prime factors of 1244.
2, 311
What are the prime factors of 451?
11, 41
What are the prime factors of 142?
2, 71
What are the prime factors of 2402?
2, 1201
List the prime factors of 17432.
2, 2179
What are the prime factors of 358?
2, 179
List the prime factors of 4018.
2, 7, 41
List the prime factors of 3427.
23, 149
List the prime factors of 5356.
2, 13, 103
What are the prime factors of 710?
2, 5, 71
List the prime factors of 133940.
2, 5, 37, 181
List the prime factors of 48910.
2, 5, 67, 73
List the prime factors of 2978.
2, 1489
What are the prime factors of 98637?
3, 7, 11, 61
List the prime factors of 5379.
3, 11, 163
List the prime factors of 6107.
31, 197
List the prime factors of 808.
2, 101
List the prime factors of 15480.
2, 3, 5, 43
List the prime factors of 11424.
2, 3, 7, 17
List the prime factors of 2524.
2, 631
What are the prime factors of 2118?
2, 3, 353
What are the prime factors of 2939?
2939
What are the prime factors of 6243?
3, 2081
List the prime factors of 693.
3, 7, 11
What are the prime factors of 2076?
2, 3, 173
What are the prime factors of 112?
2, 7
What are the prime factors of 1083?
3, 19
What are the prime factors of 5172?
2, 3, 431
What are the prime factors of 2491?
47, 53
What are the prime factors of 12281?
12281
What are the prime factors of 269?
269
List the prime factors of 15626.
2, 13, 601
List the prime factors of 13747.
59, 233
List the prime factors of 580.
2, 5, 29
What are the prime factors of 7425?
3, 5, 11
List the prime factors of 191169.
3, 11, 1931
List the prime factors of 1521.
3, 13
List the prime factors of 1881.
3, 11, 19
List the prime factors of 20266.
2, 10133
What are the prime factors of 822?
2, 3, 137
List the prime factors of 1433.
1433
List the prime factors of 5601.
3, 1867
What are the prime factors of 45131?
45131
What are the prime factors of 3541?
3541
What are the prime factors of 26667?
3, 2963
What are the prime factors of 22693?
11, 2063
List the prime factors of 112.
2, 7
What are the prime factors of 260?
2, 5, 13
List the prime factors of 51364.
2, 12841
List the prime factors of 93501.
3, 3463
What are the prime factors of 1489?
1489
What are the prime factors of 7630?
2, 5, 7, 109
List the prime factors of 584.
2, 73
What are the prime factors of 87363?
3, 17, 571
List the prime factors of 757.
757
List the prime factors of 1315.
5, 263
List the prime factors of 73560.
2, 3, 5, 613
What are the prime factors of 9030?
2, 3, 5, 7, 43
List the prime factors of 67466.
2, 7, 61, 79
What are the prime factors of 43168?
2, 19, 71
What are the prime factors of 5048?
2, 631
What are the prime factors of 756?
2, 3, 7
What are the prime factors of 1810?
2, 5, 181
List the prime factors of 965.
5, 193
What are the prime factors of 768?
2, 3
List the prime factors of 4024.
2, 503
List the prime factors of 81293.
81293
What are the prime factors of 60069?
3, 20023
What are the prime factors of 112594?
2, 19, 2963
What are the prime factors of 18209?
131, 139
What are the prime factors of 131?
131
List the prime factors of 2480.
2, 5, 31
What are the prime factors of 1684?
2, 421
What are the prime factors of 42561?
3, 4729
What are the prime factors of 1632?
2, 3, 17
List the prime factors of 84541.
17, 4973
What are the prime factors of 2405?
5, 13, 37
List the prime factors of 1094.
2, 547
List the prime factors of 1416.
2, 3, 59
List the prime factors of 5715.
3, 5, 127
List the prime factors of 5265.
3, 5, 13
List the prime factors of 8234.
2, 23, 179
What are the prime factors of 525?
3, 5, 7
What are the prime factors of 1193?
1193
List the prime factors of 3323.
3323
What are the prime factors of 13438?
2, 6719
List the prime factors of 755.
5, 151
What are the prime factors of 304?
2, 19
What are the prime factors of 1530?
2, 3, 5, 17
What are the prime factors of 883?
883
What are the prime factors of 5559?
3, 17, 109
What are the prime factors of 268?
2, 67
List the prime factors of 798.
2, 3, 7, 19
List the prime factors of 10622.
2, 47, 113
What are the prime factors of 35594?
2, 13, 37
What are the prime factors of 796?
2, 199
What are the prime factors of 9243?
3, 13, 79
List the prime factors of 1643.
31, 53
List the prime factors of 106063.
17, 367
List the prime factors of 2564.
2, 641
List the prime factors of 4002.
2, 3, 23, 29
List the prime factors of 74.
2, 37
List the prime factors of 5925.
3, 5, 79
List the prime factors of 9185.
5, 11, 167
What are the prime factors of 691?
691
List the prime factors of 22917.
3, 7639
What are the prime factors of 8036?
2, 7, 41
What are the prime factors of 763?
7, 109
What are the prime factors of 1455?
3, 5, 97
What are the prime factors of 1007?
19, 53
What are the prime factors of 450?
2, 3, 5
List the prime factors of 2382.
2, 3, 397
List the prime factors of 1609.
1609
List the prime factors of 12649.
7, 13, 139
List the prime factors of 98.
2, 7
What are the prime factors of 2111?
2111
What are the prime factors of 5398?
2, 2699
List the prime factors of 9439.
9439
What are the prime factors of 4734?
2, 3, 263
What are the prime factors of 8717?
23, 379
List the prime factors of 12.
2, 3
List the prime factors of 1905.
3, 5, 127
What are the prime factors of 135701?
135701
What are the prime factors of 527?
17, 31
What are the prime factors of 4950?
2, 3, 5, 11
What are the prime factors of 31786?
2, 23, 691
What are the prime factors of 1398?
2, 3, 233
List the prime factors of 4513.
4513
What are the prime factors of 33240?
2, 3, 5, 277
What are the prime factors of 1152?
2, 3
List the prime factors of 4919.
4919
List the prime factors of 271.
271
What are the prime factors of 6508?
2, 1627
What are the pr